se -q*n + 1535 = -152*n. What is the units digit of n?
7
Let l(r) = r**2 + r - 11. Suppose o + 21 = 3*u, 9 - 24 = -3*u. What is the tens digit of l(o)?
1
Let i be 2/8*-2*-6. Suppose -3*g - z + 724 = 0, -i*g + 5*z - 4*z = -734. What is the hundreds digit of g?
2
Let q = 127 - 52. Suppose 3*x - q = -4*g - g, 0 = -g + x + 7. Let c(b) = -b**2 + 11*b + 16. What is the units digit of c(g)?
4
Suppose -9*o - 838 = -2*j - 10*o, -414 = -j - 3*o. What is the hundreds digit of j?
4
Let p = 526 + 364. What is the tens digit of p?
9
Suppose -3*h + 0*v - 5*v + 7 = 0, 5*v - 25 = -5*h. Suppose -h*b + 4*b = -120. What is the tens digit of b?
2
Suppose -2*r = -7*r + 185. Let o(v) = v**3 + 17*v**2 - 4*v - 44. Let y be o(-17). Let b = r - y. What is the tens digit of b?
1
Let g(k) = 3*k - 49*k**2 - 5 + 29*k**2 + 2*k + 21*k**2. Suppose -3*s = -z + 5*z + 25, 2*s = -3*z - 17. What is the units digit of g(s)?
9
Suppose 12*v - 7*v = q + 7072, -4*v - 4*q = -5672. What is the hundreds digit of v?
4
Suppose -2*y + 4*y - 112 = 0. Suppose 0 = -2*m + m + y. What is the units digit of m?
6
Let p(k) = k**2 + 11*k - 16. Let c be p(-12). What is the tens digit of 50 - (4/c + -2)?
5
Let b = -213 + 460. Suppose b = 8*d - 217. What is the units digit of d?
8
Suppose 0 = -2*o + 3*o - 15. Suppose k - 2*k = o. What is the units digit of (k/20)/((-3)/8)?
2
Let c be (-2)/(21/(-36)*8/(-28)). What is the units digit of c/(-30) + (-76)/(-10)?
8
Suppose -25*h + 676 = -21*h. Suppose -2*v + 727 = h. What is the tens digit of v?
7
Let g be (-2606)/(-7) - 2/7. What is the tens digit of ((-1)/2)/(-1 - (-370)/g)?
9
Let o(p) be the third derivative of p**6/40 + p**4/24 - 11*p**3/6 - 13*p**2. What is the units digit of o(4)?
5
Suppose -8*v = -3 - 45. Suppose -v*t + t - 2*k + 97 = 0, 0 = 3*t + 3*k - 51. What is the tens digit of t?
2
Let u = 34 + -28. What is the tens digit of (u/15)/((-4)/(-10))*74?
7
Suppose -q + 135 = 2*w - 56, -5*q + 4*w + 885 = 0. What is the units digit of q?
1
Suppose -46*m + 45*m + 51 = 0. What is the hundreds digit of (-20)/25*(-10)/3*m?
1
Let h(t) = -4*t**3 - t**2. Let k be ((-6)/(-9))/((-6)/9). Let o be h(k). Suppose -6*x + 141 = -o*x. What is the tens digit of x?
4
Suppose 10 = 2*r - 4*q, -4*r = -6*r + 2*q + 10. Suppose -4*m + 184 = r*w - 2*w, -3*m - 237 = -4*w. What is the tens digit of w?
6
Let r be 73 + 3/((-3)/(-2)). Suppose -q = 4*w - 117, 3*q - 4*w - 64 = 271. Let c = q - r. What is the units digit of c?
8
Let j(c) = c**3 - 4*c**2 + 4*c - 1. Let a be j(3). Suppose d = -a*w + 92, -20 = -5*w - 0. What is the units digit of d?
4
Suppose -9*k = -j - 8*k + 3957, 4*j - 3*k = 15823. What is the thousands digit of j?
3
Suppose -6*n + 7*n = -5. Let l(d) = -12*d. What is the tens digit of l(n)?
6
Let y(f) = -f**2 + 18*f - 1. Let u be y(13). Suppose 3*i = 5*t + 6*i - 83, 4*t + 3*i = u. Suppose 4*g = -8, c - 3*g - t = 22. What is the units digit of c?
5
Let c(y) = -669*y - 58. What is the units digit of c(-4)?
8
Let b be 338/18 + 2/9. Suppose 23*z - 1076 = b*z. What is the hundreds digit of z?
2
Suppose 8 = -3*x + 2, -5*u + 370 = 5*x. Let j = -358 - -503. Let t = j - u. What is the tens digit of t?
6
Let r(u) = 703*u - 583. What is the thousands digit of r(6)?
3
Let j = 52 - 129. Let t = -62 - j. What is the tens digit of t?
1
Let b(j) = -j**2 - 7*j - 12. Let w be b(-14). Let i = 55 - w. What is the tens digit of i?
6
Let q be (3/(-2))/(14/(-28)). Suppose -3*t - 5*y = -2*t - 161, 5*t + q*y = 827. What is the units digit of t?
6
Suppose -9*l + 12 = -24. Suppose 3*a = -5*v + 18, -3*v - a = -l*v + 2. What is the units digit of v?
3
Suppose 554 = 3*m - s, 2*s - 5*s = -3*m + 552. Let d = 312 - m. Let j = d + -90. What is the tens digit of j?
3
Suppose 4*f + 20 = 0, -4*h + 5*f = -52 - 57. Suppose 0*t + h = m - 3*t, -t - 128 = -4*m. Suppose -v + m = 2*v. What is the units digit of v?
1
Let g(s) = -9*s**3 + 2*s**2 + 3. What is the hundreds digit of g(-3)?
2
Let p(m) = -70*m + 1520. What is the hundreds digit of p(0)?
5
Suppose -3*x = -6*x - 30. What is the units digit of 44*(-5)/x - 3?
9
Let u(z) = -z**2 + 59*z + 291. What is the units digit of u(52)?
5
Suppose 0 = -4*i + 12, -3*w + w + 3*i = -559. What is the tens digit of w?
8
Suppose 7*g - 3479 - 973 = 0. Suppose -6*t + 306 + g = 0. What is the tens digit of t?
5
What is the tens digit of 383/(1/((-1)/(-1)))?
8
Suppose -2697 = -5*b - 1012. What is the hundreds digit of b?
3
Let h = 88 + -83. Suppose h*n - 5*g - 655 = 0, 10*n - 2*g - 649 = 5*n. What is the tens digit of n?
2
Let g be (3/15)/(5/25). Suppose -b + 5 = g. What is the units digit of b?
4
Suppose -w + 13 = 2*w - 2*z, -3*w + 11 = -z. Suppose 0 = -w*x + 8*x - 190. What is the units digit of x?
8
Suppose -4*m = -43 - 5. Let d = 15 - m. Suppose 4*i - 5*r - 6 = -d*r, 5 = -5*r. What is the units digit of i?
1
Let k(f) be the third derivative of -f**6/20 - f**5/30 - f**3/3 + 6*f**2. What is the tens digit of k(-2)?
3
Suppose 15*q - 15 = 10*q, q + 631 = 2*f. What is the hundreds digit of f?
3
Let c(m) = -3*m - 10. Let t(l) = -4*l + 4. Let g be t(2). Let j be c(g). Suppose -3*q - j*q = -125. What is the units digit of q?
5
Let v = 31 + -54. Let f = v - -32. What is the units digit of f?
9
Let k(p) = -11*p**3 - p**2 + 2*p - 1. What is the units digit of k(-2)?
9
Suppose l + 7*p + 95 = 2*p, 4*l = 4*p - 260. Let r = l + 49. What is the tens digit of (-68)/(-6) + 7/r?
1
Let i(r) = -r - 3. Let s be i(-3). Suppose s*g + 14 = -7*g. What is the units digit of 4 - 2 - 14/g?
9
Let l(k) be the second derivative of 0 - 7/2*k**2 + 1/2*k**3 + 3*k. What is the units digit of l(5)?
8
Let g(k) = -k**3 - 16*k**2 - 14*k + 19. Let w be g(-15). Suppose -w*f - 51 = -7*f. What is the tens digit of f?
1
Let m be (-200)/16 + (-3)/(-8 - -2). Let y(f) = 3*f**2 + 55*f + 42. Let b(c) = -c**2 - 18*c - 14. Let s(n) = 7*b(n) + 2*y(n). What is the tens digit of s(m)?
3
Suppose 4*j - 526 = 5*r, 0 = -r + 5 - 3. What is the units digit of j?
4
Let a(w) = -w**2 - 2*w + 364. What is the hundreds digit of a(0)?
3
Let w = 52 - 53. What is the tens digit of (8 + -7)*(-48)/w?
4
Let m(p) = -p. Let y(g) = 5*g + 25. Let z(w) = 2*m(w) + y(w). What is the units digit of z(8)?
9
Let z = 1313 + 2547. What is the thousands digit of z?
3
Suppose -5*b - 184 = 61. Let r = -20 - b. What is the tens digit of r?
2
Let l(j) = -j**2 + 16*j + 2. Let b(y) = 4*y**2 + 6*y + 8. Let r be b(-5). Suppose -5*z - 5*f + 12 + 48 = 0, 5*z = 4*f + r. What is the tens digit of l(z)?
3
Let z(d) = -d**2 + 20*d + 2. Let k(s) = s**2 + s. Let x be k(4). Let f be z(x). Suppose -f*a + r = 2*a - 12, 0 = 2*a + r. What is the units digit of a?
2
Let f(o) = -4*o**3 - 6*o**2 - 9*o + 7. What is the hundreds digit of f(-7)?
1
Suppose 100 = -2*u + 668. What is the hundreds digit of u?
2
Suppose -13*a - 1917 = -19220. What is the thousands digit of a?
1
Suppose 6*b - 562 = 956. What is the hundreds digit of b?
2
Suppose b = 0, w - 4*b - 1 = 5. What is the units digit of w/(-27) - (-1437)/27?
3
What is the units digit of (-4)/((-1 + 93/87)/(-2))?
6
Suppose 13*q = 2188 + 3025. What is the units digit of q?
1
Let j = 43 - 27. Suppose -124 = -2*f - 2*z, 0 = 2*f + z + j - 137. What is the tens digit of f?
5
Let v be 2 - -1 - (-1 + 2). Let z(w) = w + 0*w - v*w - 5 + 3*w. What is the tens digit of z(12)?
1
Suppose 5*i - 27 = -17. Suppose -i*f = -6*f + 632. What is the hundreds digit of f?
1
Let x = 116 + 287. What is the tens digit of x?
0
Let x = 4 + 146. Suppose -4*z + x = z. Let i = 59 - z. What is the tens digit of i?
2
Suppose -2*z - 4*z = -18. Suppose -5*q - 18 = -2*m, -z*q = 2*m - 7*q - 16. Suppose -p + 40 = 4*n, m*p + 4*n - 26 = 74. What is the units digit of p?
0
Suppose -54*f = -51*f - 690. Suppose 2*l - f = -3*a, -4*a + 160 = -2*a - 2*l. What is the units digit of a?
8
Suppose -2*g - 5*i + 51 = -g, 0 = g - 5*i - 71. Let z = g - 149. What is the units digit of z/(-40) + 2/(-10)?
2
Let v = 184 + 292. What is the units digit of v?
6
Suppose -3*q + 1204 = 271. What is the units digit of q?
1
Let o(u) = -14*u - 14. Let q be o(6). What is the units digit of q/4*56/(-98)?
4
Suppose -2176 = -7*k + 6*k. What is the units digit of k?
6
What is the units digit of -2 + 4 + 209 + -11 + 10?
0
Let i(c) = 2*c**2 - 10*c + 9. Let d be i(6). What is the units digit of 3*2/4*175